(o) = 6*g(o) + 13*y(o). Determine d(-2).
-19
Let s be (-1 + 1 - -6) + -1. Suppose -4*k - 4*u = 12, -s*u = 2*k - k + 7. Let g = k - 0. Let f(i) = i**3 + i**2 - 3*i - 2. What is f(g)?
0
Let o(i) be the first derivative of -6 - 7*i + 1/3*i**3 - 3/2*i**2. Determine o(5).
3
Let d = 20 + -12. Let p(u) = -5*u**2 - 5*u + 3. Let k(c) = 2*c + 3*c**2 + 3 - 5 + 2*c - c. Let g(o) = d*k(o) + 5*p(o). Determine g(-3).
-7
Let i = -9 - -4. Let s(h) = -2*h - 2. Give s(i).
8
Let z(w) = -11*w**2 + 2*w + 13. Suppose 2*n - 5*o + 43 = 0, -1 = n + 2*o - 2. Let k(q) = -5*q**2 + q + 6. Let x(a) = n*k(a) + 4*z(a). What is x(0)?
-2
Let c(a) = a + 8. Let o be c(-7). Let r(z) = -2 - o + 4 - 9*z + 10*z. Give r(0).
1
Let d(t) = t + 1. Let r be d(3). Let k = 6 - r. Let l(w) = -7 + 5 + 2*w**2 - w**k - 5*w. Determine l(4).
-6
Let b = 94 - 99. Let x(r) = 2*r - 1. Let h(a) = a. Let s(i) = 5*h(i) - x(i). Determine s(b).
-14
Let w(c) be the third derivative of -c**9/60480 - c**8/10080 - c**7/2520 + c**6/360 + c**5/20 + 3*c**2. Let t(s) be the third derivative of w(s). What is t(-2)?
6
Let f(v) = 9*v + 7. Let q(n) = 19*n + 15. Let g = 10 - 4. Let u(a) = g*q(a) - 13*f(a). Determine u(-3).
8
Let i(x) = -x - 1. Let a be (-1 + -1)*-1*6/(-4). Give i(a).
2
Let y(d) = -8 + 8 - 4*d. Let g = -1 + -10. Let r = g - -10. Give y(r).
4
Let d = 43 - 41. Let k(b) = -b**2 + 1. Give k(d).
-3
Let w(s) = s**3 + 4*s**2 + 3*s + 2. Let o(m) be the first derivative of m**4/4 + 2*m**3/3 - m**2/2 + 3*m + 3. Let r be o(-3). What is w(r)?
2
Let a(u) = -3*u + 4. Suppose z - 15 = -4*z. Suppose -2 = 3*k - 4*o, 2*k + 3 = 5*o - z. Suppose 22 = k*y - 4*p, 5*y + 0 + 1 = -4*p. Determine a(y).
-5
Let r be ((-1)/2)/(1/(-12)). Let y(q) = -r + q + 1 + 2*q. Suppose 3*k - 20 = -2*k. Give y(k).
7
Let k(t) be the first derivative of -t**2/2 - 10*t + 7. Calculate k(-7).
-3
Let r(q) = -3*q. Let z(a) = 9*a - 3*a + 0*a - 5*a. Let x(h) = -6*r(h) - 17*z(h). What is x(-1)?
-1
Let v be 1 + 2 - 1 - 3. Let m(k) be the first derivative of -13*k**3/3 - k**2/2 - k + 1. What is m(v)?
-13
Let h(c) be the first derivative of 4*c + 2*c**2 + 1 - 1/4*c**4 - c**3. Determine h(-3).
-8
Let s(t) = 2 - 4*t + 4*t + 3*t + 0*t. Determine s(4).
14
Suppose -5*d = -t - 7, -2*t - t = -9. Let i(g) = -2*g**3 + 3*g**2 - 2*g + 3. Give i(d).
-5
Suppose 4*d + 1 = -3. Let k(y) = -1. Let v(c) = -c - 4. Let z(o) = d*v(o) + 5*k(o). Let s = 1 - -3. Give z(s).
3
Let x be ((-6)/9)/(4/6). Let r(y) = 25*y**3 - 1 - 12*y**3 - 2*y - 11*y**3. Calculate r(x).
-1
Let y(c) = -903*c - c**2 - 901*c + 1806*c + 3. Let q(x) = -x**2 - 3*x + 2. Let k be q(-2). Determine y(k).
-5
Let c(z) = -3*z + 1. Let i(r) = -1. Let m(j) = c(j) + 2*i(j). Let s(k) = k - 2. Let d be s(3). Suppose -2*n = 1 + d. Determine m(n).
2
Let c be 0 - 1*(-5 + 1). Let h(a) = 4*a**2 + a + 6. Let y(k) = -2*k**2 - k - 3. Let b(d) = 6*h(d) + 11*y(d). What is b(c)?
15
Let x(u) = u**3 - 5*u**2 + 7*u - 5. Let z(m) = m**2 + 6 - 3*m + 0*m**2 - 3*m - 2. Let j be z(6). Determine x(j).
7
Let b = 83 - 93. Let k(j) = -j**2 - 10*j - 6. Determine k(b).
-6
Let q(d) = -d + 1. Let c be (-2)/4*(-248)/(-31). What is q(c)?
5
Let r(l) = -2*l**3 - l**2 + 4*l + 1. Let y(d) = 5*d**3 + 2*d**2 - 9*d - 2. Let g(c) = 9*r(c) + 4*y(c). Give g(1).
2
Let d(n) = -n**3 - 6*n**2 + 8*n + 9. Suppose -4*a = 30 - 2. Let z be d(a). Suppose -q = 3*y - 6, y + 0*y - z = -4*q. Let m(k) = -2*k**2 + 2*k. What is m(y)?
-4
Suppose -3*y + 3*d - 1 = -7, -5*d + 14 = 3*y. Let a(b) = 7*b**2 - 2*b - 5. Let c(k) = -6*k**2 + k + 4. Let s(h) = y*a(h) + 4*c(h). Determine s(1).
-4
Suppose 12 = 5*k + 2*m, -k - 8 = -3*k - 4*m. Suppose -3*r = -k*r - 1. Let z(n) = -r - 3*n - n - n**3 + 2*n - 3*n**2. Give z(-3).
5
Let o be (-5)/((-10)/4)*(-7)/14. Let s(f) = 18*f**2 + 1. Calculate s(o).
19
Let g(t) = -2*t - 8. Let b(l) = 6*l + 24. Let k(d) = -3*b(d) - 8*g(d). Suppose 0 = 4*p + p. Let y = -6 - p. Calculate k(y).
4
Let l(u) = u**2 - 11*u + 7. Let f be l(10). Let w(i) = -i**3 - 2*i**2 + 3*i - 2. Calculate w(f).
-2
Let o(y) = -y**2 + 10*y - 4. Let c = 22 + -13. Calculate o(c).
5
Let u(t) = -9*t + 2 - 14 - 24*t + 32*t. Give u(-6).
-6
Let q(u) = -4*u + 17. Let k(a) = -a + 4. Let x(p) = -9*k(p) + 2*q(p). Give x(6).
4
Let q(f) = -5*f**3 + 4*f**2 - 16*f + 13. Let o(n) = n**3 - n**2 + 4*n - 3. Let z(d) = -9*o(d) - 2*q(d). Give z(-3).
-5
Suppose -r = 3*r - 4. Let w(t) be the second derivative of -t**3/3 + t**2/2 + 16*t. What is w(r)?
-1
Let t(r) = -r**3 - r**2 + 1. Suppose 3*a + 0 + 6 = 0. Give t(a).
5
Let t be (-48)/(-14)*35/10. Suppose -2*n = 2*n + 4*j + t, -4*n + 4*j + 28 = 0. Let d(q) = 4*q - 2. Determine d(n).
6
Let m(h) be the third derivative of -h**4/12 + h**3/2 - 5*h**2. Give m(-4).
11
Let w be (-105)/(-12) - 3/(-12). Let r(o) = 6*o + 5*o + o**2 - 7 - w*o. Determine r(-5).
8
Let n be 62/6 - (-1)/(-3). Suppose q - 6*q + n = 0. Let t(l) = -l**2 + l. What is t(q)?
-2
Let b = -6 - -5. Let p(t) = -t**2 + 1. Let r(z) = 6*z**2 + 2*z - 10. Let s(d) = b*r(d) - 5*p(d). Determine s(-5).
-10
Let i(h) = h**2 - 4 + 3 + 4 - 6*h. What is i(2)?
-5
Let x(q) be the second derivative of 1/60*q**5 - q**2 + 0 - 1/6*q**3 - 1/24*q**4 - 2*q. Let m(n) be the first derivative of x(n). Determine m(-2).
5
Let u(a) = 2*a**2 - 5*a - 4. Let q(l) = 2*l**2 - 6*l - 5. Let m(v) = -2*q(v) + 3*u(v). Let x be 7 - (3 - (2 - 3)). What is m(x)?
7
Let b(f) = -f - 4. Let h = -5 - -15. Let d = h - 10. Calculate b(d).
-4
Suppose -4*l = 3*t + 15, -5*t + 2*t = -5*l + 15. Let w(n) = n**2 + 5*n - 3. Determine w(t).
-3
Let s(y) be the first derivative of y**4/4 - 2*y**3 + 5*y**2/2 + 4*y - 2. Let h be s(5). Let v(f) = -h + 2*f**2 + 4 - 1 + 5*f**3. Calculate v(-1).
-4
Let r(k) = -k**3 - 5*k**2 + 7*k + 9. Let g(y) = 15*y**3 + y**2 - y. Let m be g(1). Let c = 9 - m. What is r(c)?
3
Let d(o) = 9*o + 18*o**2 - 7*o**2 - 8*o**2 - 2*o**2 - 6. Calculate d(-9).
-6
Let y(m) = 20*m - 23. Let t(j) = -7*j + 8. Let z(n) = -11*t(n) - 4*y(n). Suppose -5*o + 4 = -5*h + 14, 5*o + 2*h = 25. Calculate z(o).
-5
Let c(u) = -u + 2. Let t be c(0). Let k(r) = -5 + 2 - 1 - t*r + 0*r. Calculate k(-3).
2
Let m(s) = 0*s + s + s**2 - 3*s**2 + 0 - 5. Let i(c) be the third derivative of c**5/60 + c**3/2 + c**2. Let a(g) = 5*i(g) + 3*m(g). Calculate a(4).
-4
Let o be 15/12*1*-4. Let c(s) be the second derivative of 1/6*s**3 + 1/2*s**2 - 3*s + 0. Determine c(o).
-4
Let g(v) = v. Suppose 6 = -o - c - 1, -3*o + 3*c - 21 = 0. Let b be 39/o + 6/(-14). Give g(b).
-6
Let b be 1 + -2 + 1*-3. Let j(h) = h**2 + 3*h. Determine j(b).
4
Let o(s) = -12*s + 2*s - 5*s - 1 - 14*s. Give o(-1).
28
Let m(q) = -q + 9. Let s be m(7). Let a(v) = s - v - 8 + 2. What is a(-3)?
-1
Suppose -2*i - 3 = 3. Let v(c) = 2*c**2 - 4*c + 1. Let u = 2 - -1. Let j(a) = -a**2 - 1. Let t(p) = u*j(p) + v(p). Determine t(i).
1
Let j(c) be the second derivative of -c**5/20 + 5*c**4/12 + c**3/3 - 5*c**2/2 + 2*c. Give j(5).
5
Let t(o) = -4*o - 3*o + 5*o. Suppose 7 = 5*p - 3. Calculate t(p).
-4
Let s(k) = -6*k**3 - k**2 + 2*k - 1. Let w be (-1 + 1)*1 + -3. Let h = w - -3. Suppose f + h = 1. Give s(f).
-6
Let n(b) = 2*b**2 - b - 2. Let w be n(-1). Let y(p) = 8*p - 1. Calculate y(w).
7
Let a(v) = v**2 - v - 1. Let u be (4 - 3) + -1 + 4. Let h be u/(-6) + (-2)/6. Calculate a(h).
1
Let u(a) = a**3 - 4*a**2 + a - 2. Let o be (-1)/2 - (-14)/(-4). Let g = o + 8. Give u(g).
2
Let j(q) = 7 - 2 + 5*q + 8*q - 11*q. Calculate j(-6).
-7
Let b(u) = -u**2 + 4. Let m(y) = 2*y**2 + y - 8. Let p(c) = -9*b(c) - 4*m(c). Let o(i) = -25*i - 120. Let j be o(-5). Give p(j).
1
Let n(b) = -8*b - 1. Suppose 2*d = t - 12, 3*t + d = -4*d - 19. Suppose -t*f = -f. Suppose 0 = -2*r - f - 2. Determine n(r).
7
Let b(j) = 17*j + 6*j - 24*j - 3. Determine b(-4).
1
Let j(y) = y**3 + 3*y - 2 - 3*y**2 - 3*y**3 + y**3. Let x be j(-4). Let g(l) be the first derivative of l**3 - l**2/2 - 2*l + 10. What is g(x)?
8
Let q be 0/(2 - 0 - 1). Let i(c) = c + 3. Let g be i(q). Let y(p) = p. Determine y(g).
3
Let a(v) be the third derivative of v**5/60 - v**4/12 + v**3/6 + 12*v**2. Let f = 1 - 0. Give a(f).
0
Let z(t) = 2*t - 2. Let c be (21/(-6))/(3/(2 - 8)). Determine z(c).
12
Let d(b) = 4*b**3 - 2*b**2 - 2*b - 1. Let t(a) = a**2 - a. Let r be 10/4 + (-9)/6. Let v be t(r). Suppose v = -2*f + z + 1, 0*f - 2*f - 2*z - 8 = 0. Give d(f).
-5
Let h(k) = -k**2 